tor of 600?
True
Does 11 divide 572?
True
Is 2160 a multiple of 9?
True
Is 33 a factor of 2772?
True
Does 5 divide 420?
True
Is 14916 a multiple of 20?
False
Is 875 a multiple of 41?
False
Does 30 divide 3968?
False
Is 90 a factor of 18720?
True
Is 40113 a multiple of 4?
False
Is 4 a factor of 98?
False
Is 1302 a multiple of 26?
False
Is 5 a factor of 12815?
True
Does 2 divide 13578?
True
Is 45 a factor of 3780?
True
Is 16 a factor of 2476?
False
Is 1291 even?
False
Does 10 divide 18970?
True
Is 276 a multiple of 4?
True
Is 33 a factor of 370?
False
Does 2 divide 7040?
True
Is 3248 a multiple of 116?
True
Is 68750 a multiple of 110?
True
Is 4680 a multiple of 65?
True
Is 139 a factor of 3626?
False
Is 488 a multiple of 4?
True
Does 25 divide 2761?
False
Does 28 divide 24780?
True
Does 32 divide 8608?
True
Is 144 a multiple of 6?
True
Is 394 a multiple of 102?
False
Is 204 a multiple of 39?
False
Is 50 a factor of 5350?
True
Is 73 a factor of 3092?
False
Is 2356 a multiple of 31?
True
Does 20 divide 935?
False
Does 6 divide 203?
False
Does 13 divide 1950?
True
Does 155 divide 72997?
False
Is 5612 a multiple of 122?
True
Does 11 divide 326?
False
Does 20 divide 600?
True
Is 60 a factor of 3540?
True
Does 6 divide 2274?
True
Is 198 a multiple of 33?
True
Is 13 a factor of 244?
False
Is 1256 a multiple of 157?
True
Is 29 a factor of 1653?
True
Does 20 divide 5165?
False
Is 930 a multiple of 6?
True
Is 4 a factor of 12?
True
Does 2 divide 264?
True
Is 12 a factor of 1104?
True
Does 10 divide 13030?
True
Is 5177 a multiple of 23?
False
Is 84 a multiple of 13?
False
Is 33 a factor of 512?
False
Does 10 divide 110?
True
Is 40068 a multiple of 18?
True
Is 32 even?
True
Is 11 a factor of 319?
True
Is 296 a multiple of 12?
False
Does 102 divide 12563?
False
Is 4 a factor of 964?
True
Is 8 a factor of 280?
True
Does 24 divide 672?
True
Is 9 a factor of 4858?
False
Does 18 divide 15433?
False
Is 16 a factor of 256?
True
Is 3 a factor of 60?
True
Does 44 divide 2026?
False
Is 276 a multiple of 2?
True
Is 1016 even?
True
Is 181 a factor of 56472?
True
Does 2 divide 31?
False
Is 56 a factor of 4208?
False
Is 9 a factor of 147764?
False
Is 13838 a multiple of 34?
True
Is 366 a factor of 39815?
False
Does 37 divide 4303?
False
Is 96 a factor of 771?
False
Is 83 a factor of 1616?
False
Does 4 divide 1164?
True
Is 15488 a multiple of 128?
True
Is 288 a multiple of 6?
True
Is 19 a factor of 2167?
False
Does 37 divide 3663?
True
Is 1464 a multiple of 38?
False
Is 229 even?
False
Is 750 a multiple of 22?
False
Is 2184 a multiple of 7?
True
Is 58 a factor of 3016?
True
Is 1428 a multiple of 28?
True
Is 51532 a multiple of 26?
True
Is 48692 a multiple of 259?
True
Does 13 divide 312?
True
Is 33 a factor of 9798?
False
Does 4 divide 6675?
False
Is 15082 a multiple of 5?
False
Is 17 a factor of 41608?
False
Does 18 divide 2824?
False
Is 2372 a multiple of 6?
False
Is 20 a factor of 280?
True
Is 16 a factor of 384?
True
Is 36680 a multiple of 140?
True
Is 98 a factor of 2352?
True
Is 2640 a multiple of 40?
True
Does 24 divide 33000?
True
Is 77 a multiple of 7?
True
Is 64 a multiple of 16?
True
Is 14 a factor of 532?
True
Is 1836 a multiple of 17?
True
Is 7 a factor of 22593?
False
Is 5964 a multiple of 84?
True
Does 6 divide 18590?
False
Is 108813 a multiple of 57?
True
Is 20738 a multiple of 91?
False
Is 3 a factor of 1490?
False
Is 792 a multiple of 8?
True
Is 2 a factor of 237?
False
Is 2808 a multiple of 78?
True
Is 1396 a multiple of 6?
False
Is 3384 a multiple of 47?
True
Is 258 a factor of 13158?
True
Is 2922 a multiple of 8?
False
Is 44 a factor of 3523?
False
Is 3 a factor of 1575?
True
Is 576 a multiple of 129?
False
Does 37 divide 12675?
False
Does 166 divide 9555?
False
Is 9 a factor of 94115?
False
Is 936 a multiple of 72?
True
Does 77 divide 1001?
True
Is 32539 a multiple of 103?
False
Is 6146 a multiple of 11?
False
Does 15 divide 30915?
True
Is 4 a factor of 11088?
True
Does 42 divide 504?
True
Is 4672 a multiple of 32?
True
Does 77 divide 1463?
True
Does 50 divide 700?
True
Is 502 a multiple of 56?
False
Does 6 divide 1033?
False
Does 8 divide 155?
False
Is 1547 a multiple of 17?
True
Is 20007 a multiple of 19?
True
Is 13 a factor of 344?
False
Is 57187 a multiple of 53?
True
Is 4850 a multiple of 10?
True
Is 1295 a multiple of 4?
False
Is 22 a factor of 2464?
True
Does 68 divide 4350?
False
Is 47 a factor of 73?
False
Does 8 divide 56897?
False
Is 16 a factor of 1149?
False
Does 69 divide 4962?
False
Does 29 divide 1471?
False
Does 4 divide 934?
False
Is 1956 a multiple of 33?
False
Is 23304 a multiple of 12?
True
Is 600 a multiple of 28?
False
Does 63 divide 8190?
True
Does 19 divide 7879?
False
Is 20 a factor of 240?
True
Is 76 a factor of 1444?
True
Does 82 divide 9184?
True
Is 148 a factor of 26492?
True
Does 54 divide 453?
False
Does 13 divide 3146?
True
Is 30 a factor of 7000?
False
Does 10 divide 4630?
True
Does 11 divide 6578?
True
Is 35247 a multiple of 31?
True
Is 14 a factor of 76692?
True
Is 25 a factor of 8253?
False
Is 63648 a multiple of 136?
True
Is 828 a multiple of 69?
True
Is 35 a factor of 4997?
False
Is 2812 a multiple of 13?
False
Does 32 divide 1344?
True
Is 3451 a multiple of 16?
False
Is 53878 a multiple of 27?
False
Does 10 divide 4490?
True
Is 11 a factor of 5395?
False
Is 15 a factor of 1830?
True
Does 10 divide 870?
True
Is 56757 a multiple of 533?
False
Does 24 divide 2424?
True
Is 2617 a multiple of 3?
False
Is 5966 a multiple of 3?
False
Is 21 a factor of 609?
True
Is 42 a factor of 2865?
False
Does 2 divide 576?
True
Is 67 a multiple of 10?
False
Does 5 divide 170?
True
Is 3401 a multiple of 16?
False
Is 24596 a multiple of 13?
True
Is 12 a factor of 4452?
True
Does 73 divide 7692?
False
Is 57 a factor of 1617?
False
Is 242 a multiple of 22?
True
Does 8 divide 303?
False
Is 14 a factor of 4523?
False
Is 7 a factor of 259?
True
Does 26 divide 2288?
True
Does 31 divide 564?
False
Is 20 a factor of 2535?
False
Does 24 divide 20616?
True
Is 127 a factor of 62230?
True
Is 54 a factor of 14526?
True
Is 31 a factor of 683?
False
Is 53018 a multiple of 98?
True
Is 15 a factor of 1965?
True
Is 12 a factor of 1104?
True
Does 45 divide 16965?
True
Is 4322 a multiple of 21?
False
Is 5 a factor of 612?
False
Is 54 a factor of 21384?
True
Is 13 a factor of 325?
True
Is 8076 a multiple of 14?
False
Is 11 a factor of 481?
False
Does 46 divide 938?
False
Is 3432 a multiple of 91?
False
Does 10 divide 655?
False
Is 62 a factor of 2931?
False
Is 7128 a multiple of 36?
True
Does 38 divide 23113?
False
Is 4004 a multiple of 22?
True
Is 20 a factor of 6179?
False
Is 15 a factor of 682?
False
Is 52 a multiple of 52?
True
Is 12 a factor of 3396?
True
Is 66 a multiple of 5?
False
Does 3 divide 183?
True
Is 192 a multiple of 48?
True
Does 4 divide 374?
False
Is 9570 a multiple of 110?
True
Is 23 a factor of 756?
False
Is 10 a factor of 750?
True
Is 1055 a multiple of 28?
False
Is 432 a multiple of 3?
True
Is 16 a factor of 483?
False
Does 13 divide 598?
True
Is 28 a factor of 224?
True
Is 3933 a multiple of 175?
False
Is 16 a factor of 479?
False
Is 12 a factor of 1177?
False
Is 972 a multiple of 27?
True
Does 53 divide 212?
True
Is 27 a factor of 5459?
False
Does 38 divide 190?
True
Is 5 a factor of 19626?
False
Is 1289 a multiple of 53?
False
Is 86 a factor of 31570?
False
Does 155 divide 39422?
False
Is 67 a factor of 188?
False
Is 45 a factor of 3060?
True
Does 11 divide 21021?
True
Is 43 a factor of 5510?
False
Is 12 a factor of 4320?
True
Does 46 divide 34876?
False
Is 6 a factor of 2793?
False
Does 48 divide 1362?
False
Is 41 a factor of 5127?
False
Is 2 a factor of 101?
False
Is 14139 a multiple of 41?
False
Is 17 a factor of 888?
False
Does 34 divide 4811?
False
Is 689 a multiple of 13?
True
Is 32768 a multiple of 128?
True
Is 14 a factor of 490?
True
Is 33791 a multiple of 14?
False
Is 23 a factor of 14398?
True
Is 11594 a multiple of 17?
True
Is 11 a factor of 1584?
True
Does 68 divide 1043?
False
Is 15 a factor of 308?
False
Does 84 divide 8207?
False
Does 9 divide 1874?
False
Is 22 a factor of 121?
False
Does 123 divide 13161?
True
Is 59 a factor of 75753?
False
Is 100 a factor of 37500?
True
Is 6 a factor of 1677?
False
Does 71